*o - 8, 0 = 2*o + q*o - 20. What is the greatest common factor of d and 469?
7
Let c(f) = 653*f - 4804. Let k be c(10). What is the greatest common divisor of k and 12?
2
Let v(j) = 9*j**2 + 86*j - 24. Let k be v(-10). Let x be (-3)/(-12) + (-82)/8. Let z = x + 26. What is the highest common factor of k and z?
16
Let x = -23 - -34. Let l = 101 - 97. Let b be 2*1/l + (-1182)/(-12). What is the greatest common factor of b and x?
11
Let j(v) = -22 + 11*v + 12*v - 21*v. Let y be j(14). Suppose -359 = -y*c + 1033. Calculate the greatest common divisor of 29 and c.
29
Let p be (10/15)/1*6. Let q be 5 - p*(-3)/(-6). Suppose 0*w + 271 = q*w + d, -355 = -4*w + 5*d. What is the greatest common divisor of w and 36?
18
Let w be (1 + 0/(-1))*1776/48. Let j be (-2)/4*1*-74. Calculate the highest common factor of w and j.
37
Let r be (-9102)/(-42) - 65/91. What is the greatest common divisor of r and 1188?
108
Suppose -4*q - 2*n + 5384 = -0*n, -4*q - 3*n + 5382 = 0. Suppose -q = -18*u - 87. Calculate the highest common factor of u and 56.
14
Let w = -23948 - -24188. What is the greatest common factor of 150 and w?
30
Suppose -9*d - 752 = -d. Let n = -92 - d. Suppose -2*f = 3*z - 559 - 283, -4*f + 1668 = -n*z. Calculate the greatest common factor of 38 and f.
38
Suppose 9*a + 719 = 35*a - 217. What is the greatest common divisor of 5760 and a?
36
Let s = -485 - -485. Suppose s = 5*r - 2*r - 9. Let v = 10 + -5. What is the highest common factor of r and v?
1
Suppose -3*o - 804 = -4*u - 4344, 0 = -5*u - o - 4444. Let h be 3/(-8) + (-485181)/u. Calculate the highest common factor of 42 and h.
42
Let i(m) = 51*m + 198. Let j be i(0). What is the highest common divisor of j and 27?
9
Let q be (-76 - 0)/(-6 + 5). Let x be (1*19/3)/((-2)/(-6)). What is the greatest common factor of x and q?
19
Let x(r) = -14 - 24 + 3*r + 3. Let p be x(17). Suppose -8 = -w + 8. What is the highest common factor of p and w?
16
Let v be 695/4 + (-1)/(-4). Let l(i) = 206*i**2 + 1417*i - 59. Let f be l(-7). Calculate the highest common factor of f and v.
58
Let d be 57/(4/(-22) + (-178)/(-616)). Suppose v + 221 = 3*n + d, n = -3*v - 117. Let x be 28/20 - 7/(n/(-6)). Calculate the highest common factor of x and 7.
1
Let j = -203 + 193. Let q(l) = l + 19. Let f be q(j). Calculate the greatest common divisor of f and 117.
9
Let z be (-8)/(((-2)/(-6)*1)/(110/(-15))). What is the greatest common divisor of 2354 and z?
22
Let u = -4140 - -4142. Calculate the highest common divisor of u and 180.
2
Let a = 88 - 85. Suppose -134 = a*z - 449. Suppose -3*o + 2*h = 22 - z, -3*o + 82 = -h. What is the highest common divisor of o and 3?
3
Let p be (-240)/(-9) + 1/3. Let t be (-6)/(2 + -20)*6. Let c be ((-1)/(t/18))/((-33)/22). Calculate the greatest common divisor of p and c.
3
Let d(s) = -s**2 + 119*s - 726. Let m be d(7). Calculate the highest common factor of m and 6322.
58
Let s(f) = -2*f**2 + 85*f + 144. Let t be s(44). What is the greatest common divisor of 10236 and t?
12
Suppose 0 = -a - 4*q + 180 + 395, 0 = 3*a + 3*q - 1734. Suppose -3*h + 0*h + 12 = 0, -5*v - h + a = 0. What is the greatest common factor of 69 and v?
23
Let p(x) = -4*x**2 + 13*x - 6. Let g be p(-7). Let k = g - -637. Calculate the greatest common divisor of k and 8.
8
Let z be (-5)/(-1)*84/15. Let p be ((-7)/z)/(4/(-528)). What is the highest common factor of p and 44?
11
Let v be -8*(0 - 1)/2. Suppose 2 + 2 = -v*m. Let d be (23/5 + m)/(6/45). What is the highest common divisor of d and 216?
27
Let l = 64 + -9. Suppose -5*m + 3*m - 70 = -3*o, -3*o - m = -l. Suppose 4*y - 40 = o. Calculate the greatest common divisor of 5 and y.
5
Suppose 4*l + 955 = 5*k, 2*k - 3*l = -3*k + 960. Let w = k - 186. Let r(h) = h**2 + h + 9. Let f be r(0). Calculate the highest common divisor of f and w.
9
Suppose -37*f + 1733 = -4*f - 2227. What is the greatest common divisor of 3480 and f?
120
Let f = 255 + -76. Let y = f - 110. What is the highest common divisor of 46 and y?
23
Let n be (123 + 1)*(-4 - -5). Let s be 227/4 + 31/n. What is the highest common divisor of s and 38?
19
Let y = -244 - -248. Suppose m + 340 = 5*k - 3*m, k - y*m = 52. What is the highest common divisor of 27 and k?
9
Let b = 89 + -86. Suppose -395 = -4*t + 10*u - 15*u, 0 = -b*u + 9. Calculate the greatest common divisor of t and 76.
19
Let u be -470*(-5 - (33/(-6) - 0)). Let k = u + 284. What is the highest common factor of 196 and k?
49
Suppose 0 = 6*y + 30 - 72. Let r be 5476/16 - (y/(-4) - -2). Calculate the highest common factor of r and 38.
38
Let l(p) = -p**3 - 2*p**2 + 13. Suppose 2 + 8 = -2*s. Let i be l(s). Suppose 0 = -h + 3 + 8. Calculate the greatest common factor of h and i.
11
Suppose -w + 7*r + 45 = 5*r, -21*w = -r - 986. Calculate the highest common factor of w and 5687.
47
Let l(h) = 8*h**2 - 68*h + 23. Let v be l(11). What is the greatest common factor of 81 and v?
81
Let n be (17 + -16)*(-1)/1. Let q be (1826/33 - 1/3) + n. What is the greatest common divisor of q and 24?
6
Suppose 2*s + 6798 = 9078 + 50862. Calculate the highest common divisor of s and 17.
17
Suppose 4*h - 4 = -4. Suppose -3*y + 351 + 321 = h. Suppose 0 = 3*r - 2*r - 3*w - y, -4*r - 4*w + 896 = 0. Calculate the highest common factor of r and 32.
32
Suppose 2*g - 6*g + 42 = -j, 5*g - 59 = -2*j. Let d = -129 - -133. Let u be (5540/25)/4 - d/10. Calculate the highest common factor of g and u.
11
Let f = -13339 - -13837. What is the highest common divisor of f and 18?
6
Let q(c) = 37*c - 68. Let m be q(2). Let d(l) = -l + 11. Let y be d(8). Suppose 0*k = y*k - 54. Calculate the greatest common factor of k and m.
6
Suppose 0 = -14*p + 238 - 560. Let o(f) = f**3 + 24*f**2 + 21*f + 34. Let j be o(p). What is the highest common factor of 10 and j?
10
Suppose 3*x + 3*d = 18357, 4*x - 267*d + 265*d - 24470 = 0. Calculate the highest common divisor of 161 and x.
161
Let c be 31*2 + (-6)/3. Let j = -697 + 1054. Suppose -12*n - 69 + j = 0. Calculate the greatest common divisor of n and c.
12
Suppose c + 39 = 4*d - 2*d, d = 2*c + 12. Suppose -58204 = -163*y + 131854. What is the greatest common factor of d and y?
22
Suppose -61271 + 19703 = -23*v + 29226. What is the highest common divisor of 114 and v?
114
Let t(q) = q**3 + 12*q**2 + 14*q + 21. Let y be t(-11). Let j be (-10424)/y + 4/(-6). Let p be 6/27 + j/63. Calculate the highest common divisor of 14 and p.
14
Let k(y) = 2*y**3 - 2*y**2 - 4*y + 3. Suppose 8*l = 24 - 0. Let d be k(l). What is the greatest common factor of d and 6?
3
Suppose 2*u - 271 = 33. Let z = -122 + u. What is the highest common divisor of z and 48?
6
Suppose 2437 = 5*p - 3*g, 3*g - 2443 = -117*p + 112*p. Calculate the highest common factor of p and 8.
8
Let c be 217*(-12 - -10 - -3). What is the highest common divisor of 14 and c?
7
Suppose 0 = 13*z - 15*z + 28. Suppose -641*y + 644*y = 2*o - 205, 4*y = 2*o - 208. Calculate the greatest common factor of o and z.
14
Let i be (9 + (-9520)/(-100) - 2/10) + 2. What is the greatest common factor of 2862 and i?
106
Let q be 4 - -61 - (2 + -3). Suppose -9*m = 2*m - q. Let l(d) = d + 4. Let f be l(m). What is the highest common divisor of 50 and f?
10
Suppose 16*r = 13*r - 1149. Let d = 801 + r. Calculate the highest common divisor of 38 and d.
38
Suppose 2*w - 14 = 38. Let m(g) = g. Let i(h) = -5*h + 60. Let z(u) = i(u) + 6*m(u). Let y be z(5). What is the greatest common divisor of y and w?
13
Suppose 0 = -2*r - c + 10, -16*c + 20*c = 13*r - 212. Let z(u) = 2*u**2 + 5*u - 3. Let a be z(3). What is the highest common divisor of a and r?
6
Suppose 20*r = 14*r - 90. Let z(j) = j**3 + 15*j**2 + j + 27. Let h be z(r). Calculate the highest common factor of 84 and h.
12
Let s(u) = -57*u + 28. Let c be s(-4). Let b = -195 - -355. Calculate the highest common factor of c and b.
32
Suppose j + 579*o = 581*o + 18, -86 = -4*j + o. Suppose 6 = f - 4. Calculate the greatest common factor of f and j.
2
Suppose 29*g + 1635 - 4245 = 0. What is the highest common divisor of 1530 and g?
90
Suppose 0 = -96*w - 1484 + 4364. Calculate the greatest common divisor of w and 190.
10
Suppose -o = -135 + 31. Let d = o + -99. Let r(b) = -2*b - 21. Let q be r(-13). What is the greatest common factor of d and q?
5
Let x be (-2)/(-6) - 34/(-6). Suppose